 the first derivative of 5*a**2/2 - 1. Let t be q(5). What is the highest common divisor of j and t?
25
Let y be (-51)/4*(40/(-6) - -4). Let a = 407 + -137. Let i = a - -104. Calculate the greatest common divisor of y and i.
34
Let v = 38015 - 36431. Calculate the greatest common divisor of 492 and v.
12
Let j = 4972 + -4282. What is the highest common factor of 12 and j?
6
Let u(x) = -13*x - 2. Let i be u(-3). Suppose 3 = a - i. Suppose -2*o = 8*n - 152, o + 5*n = -2 + 87. What is the highest common divisor of o and a?
40
Let s(v) = 4*v**2 - 14*v. Let u be s(8). Suppose 7*b = u + 10. What is the highest common divisor of b and 88?
22
Let x(d) = -5*d**3 - d**2 - 2*d + 2. Let b be x(-2). Suppose -58 = 4*t - b. Let z be 7*(110/(-35) - t). What is the highest common divisor of z and 2?
2
Let l(v) = v**3 - v**2 - 2*v - 53. Let s be l(0). Let y = s - -59. Suppose -88 = 6*f - 232. Calculate the highest common factor of f and y.
6
Let r = 5958 + -5945. Calculate the greatest common factor of 923 and r.
13
Let j(q) = 17*q - 84. Let y be j(6). Let t(d) = -d**3 + 20*d**2 - 38*d + 41. Let c be t(y). What is the greatest common factor of 95 and c?
5
Suppose -d + 14 = 2*j - 137, 0 = 5*d + 2*j - 747. Calculate the greatest common factor of d and 11175.
149
Let x = -153 + 246. Let h(d) = -d**3 + d**2 - 5*d - 5. Let m be h(-5). Let i = m - x. What is the highest common divisor of i and 11?
11
Let p = -120 - -197. Let t = p + 112. What is the highest common factor of 27 and t?
27
Let w = 529 + -269. What is the greatest common divisor of 20 and w?
20
Suppose -2*r + 4*l - 6*l + 420 = 0, -426 = -2*r - 5*l. Calculate the greatest common factor of r and 468.
52
Suppose -c = -61*n + 59*n - 220, -4*c + 880 = 3*n. Calculate the highest common divisor of 15268 and c.
44
Let o = 0 - -225. Suppose -5*z + 266 + o = 4*f, -f - 3*z = -128. What is the highest common divisor of f and 34?
17
Suppose v = -p + 61, -5*p = -2*v - 2*p + 127. Let z(t) = -t**3 + 29*t**2 + 13*t + 30. Let q be z(28). What is the highest common divisor of v and q?
62
Suppose -14*c + 18*c = 5*q + 14, 0 = -q - 2*c. Let o be 1/(-2)*12/q. What is the greatest common factor of o and 9?
3
Suppose 3*b + 0*i = i - 202, 0 = -3*b - i - 194. Let q = 90 + b. Let x be 2529/21 + (-6)/14. Calculate the greatest common divisor of x and q.
24
Suppose 3*w + 2*r + 19 = 7*r, -4*r + 8 = 0. Let o be 142 - (0/w - 1). Calculate the highest common factor of o and 22.
11
Let g = -23 + 42. Suppose 2*d - 283 = -5*q, -3*q - 4*d + 164 + 3 = 0. Calculate the greatest common factor of q and g.
19
Let w(g) = -30*g - g**2 + 14*g + 15*g - 4. Let x be w(-5). Let y = x + 38. Calculate the highest common factor of y and 154.
14
Let b = 296 + -293. Suppose -20 = -2*p + b*g - 4*g, 5*p - 2*g = 50. What is the greatest common divisor of p and 610?
10
Suppose -7*u + 162 - 442 = 0. Let q = u - -88. What is the highest common divisor of 120 and q?
24
Let d(n) = -n**3 - 11*n**2 + 15*n - 37. Let o = -633 + 618. Let p be d(o). What is the greatest common divisor of p and 22?
22
Suppose 0*a + a = -5*q + 25, -5*q = -2*a - 10. What is the highest common factor of q and 266?
2
Suppose a - 1 = -0. Let g(w) = -4*w**2 - 104*w + 44. Let u be g(-33). Let n = 881 + u. Calculate the highest common divisor of n and a.
1
Let f = 309 + -155. Let s(h) = 21*h - 70. Let u be s(12). Suppose -14*c = -c - u. Calculate the highest common divisor of c and f.
14
Let p be (-770)/(-42)*(-6)/(-5). Suppose 4*x - p = 34. Calculate the greatest common divisor of 2 and x.
2
Let q be ((-135)/75)/((-6)/10). Suppose -q*r + 540 = 7*r. Let n = 87 - r. Calculate the highest common factor of 55 and n.
11
Let t(l) = 3*l**2 - 138*l + 1806. Let v be t(20). Calculate the highest common factor of 6 and v.
6
Let j = 174 + -189. Let r(m) = 4*m + 65. Let w be r(j). Calculate the greatest common divisor of w and 95.
5
Let j = -438 - -479. Suppose -30*s = -j*s + 121. What is the highest common factor of 143 and s?
11
Let z be (-1*6)/(2/(-6)). Let k(a) = -a**3 - 9*a**2 - 7*a + 20. Let n be k(-8). Let m be (z/n)/(1/34). Calculate the greatest common divisor of 561 and m.
51
Suppose 46*w = 43*w - 252. Let r be (1/(-3))/(7/w). Suppose -r*a - 2*a = -42. What is the greatest common divisor of 49 and a?
7
Let a = -46176 - -47632. Calculate the highest common divisor of a and 546.
182
Let h = 10269 + -8289. Calculate the highest common divisor of h and 228.
12
Suppose 0 = -a + 3*c + 165, -7*c + 3*c = -2*a + 320. Suppose -6*b + 90 = -3*b + 3*k, k = 5*b - a. Calculate the greatest common divisor of b and 195.
15
Let v(h) = 55*h - 95. Let p be v(9). Calculate the highest common divisor of 650 and p.
50
Let n(l) = 57*l**2 - 74*l + 54. Let m be n(-8). What is the greatest common divisor of 38 and m?
38
Suppose 33*r + 5*r = 8*r + 360. What is the highest common divisor of 77 and r?
1
Let r = -205 - -229. Let h be r/(-4)*6655/(-66). Calculate the greatest common factor of 110 and h.
55
Let k be ((12 - 17) + -2054)/(-1). What is the greatest common factor of k and 29?
29
Suppose -155*q - 5*f = -157*q + 257, 320 = 2*q + 4*f. What is the highest common divisor of q and 13?
1
Suppose -36 = -3*z - 3*s, -z - 2*s + 6*s + 17 = 0. What is the greatest common divisor of z and 9074?
13
Suppose -22*m + 10 = -32*m. Let p be (-5 + -2 + 3)/(m/2). Calculate the greatest common divisor of p and 228.
4
Let a be ((-689)/265)/(3*3/(-315)). What is the highest common divisor of a and 325?
13
Let p be (50/(-30))/((-4)/(-216)). Let g be (14*1/(-5))/(2/p). Calculate the greatest common factor of 72 and g.
18
Let h(f) = f - 402 + 415 + 4*f**2 + 4*f - f**3 + 4*f. Let q be h(5). Calculate the highest common factor of 33 and q.
33
Suppose 3*m - 1395 = -2*l, -5*m + 7*m + 1400 = 2*l. What is the greatest common factor of 3 and l?
3
Let l be (-40)/(-25) - (-52984)/185. What is the greatest common divisor of 10752 and l?
96
Let o be -4 - 42/(-12) - (-5775)/10. Let i = o + -225. What is the greatest common factor of 44 and i?
44
Let b = -79 + 83. Suppose -b*g = 131 - 31. Let w be 1/((-5)/g) + 1. Calculate the greatest common factor of w and 6.
6
Suppose -26*v - 172 = -1034 - 334. Calculate the highest common divisor of 15433 and v.
23
Let s(j) = 254*j**2 + j - 4. Suppose -3*c + 7 = 1. Let w be s(c). Let d be (-3)/2 - w/(-52). What is the highest common divisor of d and 90?
18
Let b(h) = 2*h**3 + 3*h + 58. Let a be b(5). Let j(c) = c**3 - 2*c**2 - 4*c + 1. Let t be j(4). Calculate the greatest common factor of a and t.
17
Suppose b - 1260 = -u, 0 = 8*b - 2*b + 5*u - 7560. Calculate the greatest common factor of b and 27.
9
Let v(n) = 3*n**2 + 32*n + 108. Let k be v(-34). Calculate the highest common factor of 8 and k.
8
Let s = 14595 - 14560. What is the highest common factor of 4277 and s?
7
Let y = 795 - 782. Let x be 9042/24 + 0 + 1/4. What is the greatest common factor of x and y?
13
Suppose -279 = -5*j + 3*z, -4*j + 3*z = -131 - 88. What is the greatest common factor of j and 20316?
12
Suppose -2*h + 4*h = 110. Suppose m + u - 3 = 0, -3*m - 1 = u - 12. Suppose 342 = m*s - 1638. What is the greatest common factor of s and h?
55
Suppose 3*w = 5*c + 2*w - 404, -c = 4*w - 85. Suppose -132 = -0*q - 3*q - u, 0 = -3*q + 2*u + 141. What is the greatest common factor of c and q?
9
Suppose 4*z = -5*f + 12, -2*f + 12*z = 7*z - 18. Suppose -164 - f = -7*w. What is the highest common factor of w and 24?
24
Let r(d) = 4*d + 106. Let f be r(-14). Let t be (-2 - 3)*((-7120)/f + -8). Calculate the greatest common factor of 47 and t.
47
Suppose 2*m + 4*o - 4 = 0, -5*m + 0*o = -3*o - 75. Let v be (1 + m/9)/((-3)/(-108)). What is the greatest common factor of 60 and v?
12
Suppose -c - k = 113, 0*c - c = -3*k + 129. Let t be (-25 + 21)*(-2 - (-17 - 3)). Let j = t - c. Calculate the greatest common factor of 9 and j.
9
Let y(f) = -14*f - 319. Let a = 690 - 719. Let h be y(a). What is the highest common divisor of h and 29?
29
Suppose 16*p - 33 = 463. Calculate the greatest common divisor of 527 and p.
31
Let w = -17190 - -17208. Let y(t) be the first derivative of 10*t**3/3 + t**2/2 - 2*t + 1. Let z be y(4). What is the highest common divisor of z and w?
18
Suppose 3 = 3*g, 5*c - 545 = 632*g - 627*g. Calculate the greatest common factor of 660 and c.
110
